57*s - s**4 + 0. Determine u(1).
-11
Let n = 2002 + -2002. Let q(o) be the third derivative of -1/60*o**5 - 24*o**2 + n*o**3 + 0 + 1/24*o**4 + 1/30*o**6 + 0*o. What is q(1)?
4
Let r = 624 + -628. Let j(f) = -f**3 - 5*f**2 + 2*f + 24. Let q be j(r). Let c(z) be the first derivative of -z**4/4 + z**3/3 + z**2/2 + 13*z - 1. What is c(q)?
13
Let m(w) be the first derivative of w**3/3 - 4*w + 205. Let d = -23 - -41. Let b = d + -15. Determine m(b).
5
Let o(w) = w**2 + 22*w - 39. Let y(m) = 5*m**2 + 116*m - 216. Let t(f) = -11*o(f) + 2*y(f). What is t(-4)?
21
Let p(h) = -h**2 + h + 5. Suppose 0*m - 244 = 4*m - 5*x, -m - 5*x - 86 = 0. Let c = m + 68. Suppose -4*w - 20 = 0, -y - 4*w - 20 = c*y. Give p(y).
5
Let b(q) = -2*q**2 - 5*q. Let f(a) = a**3 + 26*a**2 + 77*a - 1. Let c(o) = -3*b(o) - f(o). Calculate c(-16).
-31
Suppose s - 7 = -4, -5*z - 3*s = -19. Let t(c) = -3*c**2 - 3 + 15 - z*c - 13. Suppose 2*i = -4 - 2. What is t(i)?
-22
Let k(y) be the second derivative of y**5/20 - y**4/3 + y**3/6 - 5*y**2 + 16*y + 95. Give k(4).
-6
Suppose 0 = 425*i - 3171 - 2188 - 3141. Let t(n) = -n**3 + 17*n**2 + 57*n + 55. Determine t(i).
-5
Let n(x) be the third derivative of -x**6/120 - x**5/15 + x**3/6 + x**2. Suppose 5*d - s = -26, -1724*d + 1723*d + 20 = 4*s. What is n(d)?
1
Let z(h) be the second derivative of h**4/6 - 17*h**3/6 + 5*h**2/2 - 6*h - 35. Give z(8).
-3
Let v = -338 + 379. Suppose v*j - 19 = 63. Let y(m) = 6*m. Give y(j).
12
Let h(u) = 3*u - 13. Let i be ((-230)/(-25))/(3/15) - 0. Suppose 4*g + 8 = 0, q - i = -3*q + 5*g. Determine h(q).
14
Let g(u) = u**3 + 14*u**2 - 2. Let f(o) = -o**3 + 14*o - 6. Let c be f(4). Give g(c).
-2
Let l(v) be the first derivative of -v**2/2 - 17*v + 4526. Give l(-7).
-10
Let d(j) = -9*j + 105. Let w(y) = -2*y**2 - 48*y - 78. Let q be w(-22). Calculate d(q).
15
Let b(r) = 2*r + 4. Let m(f) = 11*f + 57. Let i(a) = -6*b(a) + m(a). Give i(9).
24
Let f = 39 + -29. Let l(j) = -1023*j - f*j**2 + 33 - j**2 + 1044*j. Let w(k) = 7*k**2 - 14*k - 22. Let v(g) = -5*l(g) - 8*w(g). What is v(8)?
3
Let a = 195 + -191. Let f(k) = 0*k - k + a - 2. What is f(-1)?
3
Suppose 2*v + r = -2*r + 10, 3*v - 4*r = 15. Suppose 5*m + 0 = -10, 0 = a + v*m + 3. Let y be (2 - a) + 8/2. Let z(f) = 2*f**3 - f - 1. Give z(y).
-2
Let o(v) = 337*v + 8080. Let m be o(-24). Let i(f) = f**3 + 10*f**2 + 18*f + 11. Determine i(m).
-5
Suppose 8*y + 5*y + 102 = -4*y. Let c(q) = -9*q - 31. Calculate c(y).
23
Let l(f) = -31*f - 207. Suppose 21 = -3*h + 2*c, 0 = 26*h - 22*h + 3*c + 28. Let j be l(h). Let m(d) = d + 2. Determine m(j).
12
Suppose 97*k + 431 = 1498. Let i(t) = t**3 - 9*t**2 - 22*t - 9. Determine i(k).
-9
Suppose 10 = -3*v - 2*g, -5*g = 10*v - 15*v - 50. Let b(j) = -j**3 - 2*j**2 + 13*j - 8. Give b(v).
58
Let k be (-23)/4 - ((-405)/972 + 2/3). Let y = 1 + 1. Let c(n) = 2*n**2 + 0 - n + 4*n**y + n**3 + 3. What is c(k)?
9
Suppose -5*z - 62 + 62 = 0. Let u(l) = z*l - l - 2*l + l. Suppose m + h + 17 = -3*m, 2*m - h = -13. Determine u(m).
10
Let d(b) = b - 8. Let y be (639/1)/(15/(-10)). Let u = y + 437. What is d(u)?
3
Let o(n) be the third derivative of -n**5/60 + n**4/8 + 7*n**3/3 + 85*n**2 + 2. Calculate o(0).
14
Let q(i) = -3*i**2 - 130*i + 224. Let d be q(-45). Let m(g) = 86*g**2 - 2*g - 2. What is m(d)?
86
Let r(f) be the third derivative of -6*f**2 - 4*f + 7/6*f**3 + 0 + 1/24*f**4. Give r(-7).
0
Let w(l) = 307*l**2 - 296*l + 2. Let a be w(1). Let c(r) = 4*r + 28. What is c(a)?
80
Suppose 5*m = -l + 4, -l - l + 3*m + 8 = 0. Let c = l - 1. Let k(b) = -7*b + 3*b + c*b. Calculate k(2).
-2
Let c(s) be the third derivative of -3*s**2 - 7/3*s**3 - 42 - 1/24*s**4 + 0*s. Calculate c(0).
-14
Let f(w) = -w**2 + 2*w + 4. Let o(c) be the third derivative of -3*c**4/4 + 29*c**3/2 + 25*c**2. Let a be o(5). Calculate f(a).
-11
Suppose -r - 5*a = 4*r - 155, 2*r - 2*a - 70 = 0. Suppose 5*f + r = v, -v - 17*f = -21*f - 28. Let q(n) = n**3 - 8*n**2 + 3*n - 5. Calculate q(v).
19
Suppose -5*k + 8 = -4*k. Suppose -3*q + 27 = 5*x + 2, -79 = -5*q + x. Let y(n) = -q*n + 0*n**2 - 23*n + n**2 - 3 + 46*n - 15*n. Give y(k).
5
Suppose 0 = 5*b + 3*u + 22 - 15, -2*u = -b - 17. Let c(r) = r**2 + 10*r + 26. Determine c(b).
1
Let k be (-2)/1 + 12/3. Let w(u) = u**2 - 6*u - 2*u + 2*u + u. Let x(c) = -c**2 + 7*c. Let g(n) = 4*w(n) + 3*x(n). Calculate g(k).
6
Suppose -5*t - 23 - 7 = 0. Let c be 2/(t/4 + 2). Suppose -4*a + 4*g = -c, 2*g = -5*a + 3*a + 6. Let v(o) = o**3 - o**2 + o - 2. What is v(a)?
4
Let k = -620 + 655. Suppose 0 = -k*v + 135 + 40. Let c(x) = 0*x**3 + x**2 - 6*x**2 + x + x**3 - 4. Give c(v).
1
Let k(c) = -222*c**2 - 5 - 4*c - 17*c - 4*c**2 + 224*c**2. Give k(-8).
35
Let a(b) = -b**3 - 9*b**2 - 8*b - 6. Let i be 4 - 0 - (1 + 0). Suppose -7*f + 4*z - 44 = -2*f, -i*f - 5*z - 19 = 0. Give a(f).
-6
Suppose -12*q + 28*q = 64. Let b(k) = -q*k**2 - 59 - 12*k**2 - k + 59. Suppose 0 = 4*u - 5*x - 21, -x + 3*x = 3*u - 7. What is b(u)?
-15
Let d(o) = -13*o**2 - 36*o - 5. Let g(t) = 28*t**2 + 77*t + 13. Let v(m) = -13*d(m) - 6*g(m). What is v(-7)?
-6
Let v(x) = -x - 4. Let d be v(-4). Let j(u) = 2*u**2 - u + 1. Let w(y) = -5*y**2 + 3*y + 7. Let n(p) = -3*j(p) - w(p). Determine n(d).
-10
Suppose v = f - 1, -2*f + 5 = -f. Let l be 6 + -14 + 9 + -1*v. Let u(r) = -r**3 - 5*r**2 - 7*r + 1. Calculate u(l).
4
Let d(i) = 2*i + 30. Let s = 6225 + -6209. What is d(s)?
62
Let h(v) = -v**3 - 4*v**2 + 5*v - 4. Let r(g) = g**3 + 5*g**2 - 6*g + 5. Let j(a) = 5*h(a) + 4*r(a). Let t = -3 - -3. Give j(t).
0
Let y(o) = o**2 + 4*o - 1. Suppose 0 = -6*l + 5*l + 2*k + 24, 0 = 5*l + 2*k - 72. Suppose 0 = l*z + 17*z + 99. Calculate y(z).
-4
Let s = 22845 + -22860. Let j(d) = d**2 + 15*d - 8. Give j(s).
-8
Let h(u) = u**2 - 7*u + 33. Let i be (-21)/14*(-2)/3*(-3 + 8). Calculate h(i).
23
Let o(x) = -x**3 + 14*x**2 + 6*x + 17. Let s(t) = -t**3 + 102*t**2 - 195*t - 486. Let b be s(100). Give o(b).
101
Let l(m) = 2*m**3 + 37*m**2 + m - 22. Let n(q) = q**3 + q**2 + 2*q - 1. Let w(h) = -l(h) + n(h). Determine w(-36).
-15
Let x(m) = -12*m - 39. Let i(s) = -14*s - 38. Let h(f) = f - 10. Let l be h(4). Let c(u) = l*x(u) + 5*i(u). What is c(-20)?
4
Let q(j) = -46*j**3 + 25*j**2 + 3*j + 19. Let k(a) = 51*a**3 - 27*a**2 - 4*a - 20. Let h(m) = 9*k(m) + 10*q(m). What is h(7)?
-32
Let q(m) = -31*m - 10. Let l(w) = -15*w - 6. Let k(u) = -5*l(u) + 3*q(u). Determine k(1).
-18
Let u = -5 + 12. Let s(t) = -3*t**3 - 6*t**2 - 8*t + 20. Let d(m) = 5*m**3 + 6*m**2 + 7*m - 26. Let i(f) = -2*d(f) - 3*s(f). What is i(u)?
13
Let j = 335 + -333. Let m(b) = 0*b + 0*b - 360*b**2 + 364*b**j + 1 - 6 + b**3. Give m(-5).
-30
Let j(h) be the first derivative of 1/3*h**3 + 4*h**2 - 22 - 2*h. Suppose 3*l + 12 = -9. Give j(l).
-9
Suppose 2*p + 4*p = -6. Let r(u) be the first derivative of u + 38. Let v(m) = m**2 - 2*m - 6. Let w(t) = p*v(t) - 2*r(t). What is w(3)?
1
Let a(b) = 2*b**3 - 2*b**2 + b - 1. Suppose 0 = -4*l - 2*s + 22, 12*l - 17*l - 2*s + 30 = 0. Suppose -2*g = l - 12. Determine a(g).
9
Let r = 6 + 2. Let q = r + -12. Let w(i) = i**3 - 5 + 331*i**2 - 615*i**2 + 288*i**2. Calculate w(q).
-5
Let m = -1475 - -1481. Let a(s) be the first derivative of 4*s + 1/3*s**3 - 4*s**2 - 3. Calculate a(m).
-8
Let a = 166 - 165. Let p(t) = -t**2 - 5 - a + 4*t + t. Give p(4).
-2
Let l(x) = x**2 - 30*x + 88. Suppose -v + 27 = 2*r - r, -3*v = 2*v. Determine l(r).
7
Let c = 34 - 12. Let v = 21 + c. Let u(j) = -71*j + 34*j + v*j. Give u(-3).
-18
Let l(s) be the third derivative of 3*s - 1/24*s**4 + 0 - 1/120*s**6 + 2/3*s**3 + 42*s**2 - 1/15*s**5. Determine l(-3).
-2
Let r(k) = 3*k - 2*k - 10 - 10 - 4 + 12. Give r(17).
5
Let a(t) be the second derivative of t**5/20 - t**4/3 - t**3/6 + 5*t**2/2 - 2*t. Let l = -2762 - -2766. Determine a(l).
1
Suppose -4*q + 30 = -2. Let y(k) = -2*k + 11*k - q*k - 2*k. Suppose -5*l + 30 = -5*d, 4*l - d = d + 16. Determine y(l).
-2
Let f(h) = -h + 5. Let w be 1*(9 + -7)/1. Calculate f(w).
3
Let l(j) = 3 + 16*j + 7*j**2 + j**3 - 7*j**3 + 7*j**3 - 7*j**2 - 10*j**2. Give l(8).
3
Let n(c) = 66 - 3*c - 3*c**2 - 26 + 2*c**3 + c - c - 31. Determine n(2).
7
Let i(f) be the third derivative of 4*f + 13*f**2 - 2/15*f**5 + 0 + 1/120*f**6 + 1/4*f**4 - 5/3*f**3. What is i(7)?
-17
Let u(s) = -26*s + 14*s**3 + 232*s**3 + 22 + 229*s**3 - 